2202 + -11?
-100200121212220
In base 6, what is 1453151 + -242?
1452505
In base 15, what is 0 - -3109b2?
3109b2
In base 8, what is 1215733 + -561?
1215152
In base 15, what is -547222 + -58?
-54727a
In base 10, what is -3 - -19927090?
19927087
In base 8, what is 2407333 + 4?
2407337
In base 12, what is 383 - -a94?
1257
In base 12, what is 2b21 + 1778?
4699
In base 2, what is -1101 - -10000010110011001110?
10000010110011000001
In base 14, what is 9330 - 88?
9286
In base 4, what is 10300011 - 1330101?
2303310
In base 13, what is 64470 + -70?
64400
In base 9, what is 1000 - 8357?
-7357
In base 6, what is 2120 - -50450512?
50453032
In base 15, what is -b1e - -91b?
-203
In base 4, what is 323 + -31302323?
-31302000
In base 11, what is 2787 + 23a56?
26732
In base 5, what is -3 - -343203300?
343203242
In base 12, what is 99b3 - 7bbb?
19b4
In base 7, what is 320223264 + 12?
320223306
In base 14, what is -4956d0 + -26?
-495716
In base 7, what is 2 + 5656162302?
5656162304
In base 9, what is 42 + -24156702?
-24156650
In base 16, what is -15 + -f4c45?
-f4c5a
In base 7, what is 203454432 - -2?
203454434
In base 2, what is -11000000100 - -111011011011111?
111000011011011
In base 15, what is 3e54d37 - -5?
3e54d3c
In base 11, what is -68 + 23749?
23691
In base 13, what is ca + -2b611?
-2b514
In base 6, what is 25235 - -1054454?
1124133
In base 4, what is -2322110111110 - 2?
-2322110111112
In base 7, what is -424316366 - -11?
-424316355
In base 3, what is -1020 + -210100212211?
-210100221001
In base 15, what is -1 - -1b5c00?
1b5bee
In base 15, what is -517aa9 + -2?
-517aab
In base 15, what is -d516 + 9?
-d50c
In base 4, what is -12 - -1101123201?
1101123123
In base 10, what is -4 + 25159841?
25159837
In base 2, what is 1110 - -1100011001111100101110011?
1100011001111100110000001
In base 2, what is -1011110 + -1000001100111110111001?
-1000001101000000010111
In base 4, what is -23 - -1031310010?
1031303321
In base 10, what is 1861312 + 87?
1861399
In base 13, what is 26ac1539 - 0?
26ac1539
In base 10, what is 23 - -1181731?
1181754
In base 10, what is 768308 - -166?
768474
In base 8, what is -1 + 34251462?
34251461
In base 3, what is 211101202002010 - 2?
211101202002001
In base 4, what is -123 + 1112030333?
1112030210
In base 6, what is -252200444 - 3?
-252200451
In base 3, what is 10111220 + -1202022?
1202121
In base 11, what is 1 + -764a898?
-764a897
In base 11, what is 0 + -1611401?
-1611401
In base 6, what is -24 - -10150522?
10150454
In base 6, what is 2354 + -101132?
-54334
In base 14, what is -197 - -258c9?
25732
In base 4, what is 10 - -123301003?
123301013
In base 10, what is -8884 + 23758?
14874
In base 11, what is 150 + 2407?
2557
In base 12, what is 14646a5 + -10?
1464695
In base 11, what is -18a77504 - -4?
-18a77500
In base 13, what is 1b779 - 10a8?
1a6a1
In base 5, what is 10334313 + -124?
10334134
In base 9, what is 27 + -4028254?
-4028226
In base 11, what is 180 - -46a767?
46a937
In base 15, what is -4 - d1b8d?
-d1b92
In base 13, what is -b374893 + 0?
-b374893
In base 16, what is 5d7ef3 - -4?
5d7ef7
In base 10, what is -50278 - -6999?
-43279
In base 6, what is -143201552 - -2?
-143201550
In base 13, what is 9a778 + -3b?
9a73a
In base 8, what is 5 - -43720750?
43720755
In base 15, what is 1 + -9ab7290?
-9ab728e
In base 11, what is 116a76 + -a6?
116980
In base 3, what is 111 + -200021201?
-200021020
In base 5, what is -331 - 3104212?
-3110043
In base 5, what is 23104311 - 132?
23104124
In base 5, what is -3 - 31211401331?
-31211401334
In base 9, what is 26 - 220834?
-220807
In base 9, what is -2408420 + 2?
-2408417
In base 2, what is 1110100011 - -100001001010010?
100010111110101
In base 6, what is -1110300352 + 33?
-1110300315
In base 11, what is -442 - -280a4?
27762
In base 14, what is 7 - -180a784?
180a78b
In base 4, what is 3100300101030 - -2?
3100300101032
In base 8, what is -1 - -303333?
303332
In base 3, what is 22001012 + -102001000?
-2222211
In base 12, what is -1569 + 34841?
33294
In base 4, what is 201022 - -310321?
1112003
In base 3, what is 211 + 10122101000?
10122101211
In base 12, what is 91 - 59945?
-59874
In base 13, what is -6225b - 2a?
-62288
In base 11, what is -163a9216 + -2?
-163a9218
In base 14, what is -2 - -1bcd93?
1bcd91
In base 4, what is -21221 - 20302020?
-20323301
In base 8, what is -20037 + 31?
-20006
In base 16, what is 15e56 - 72?
15de4
In base 13, what is -3092 + 29b9?
-3a6
In base 9, what is 15 - 30502735?
-30502720
In base 6, what is -1220354 + 110034?
-1110320
In base 4, what is -200130 + 1021301?
221111
In base 4, what is 32320 - -1103103?
1202023
In base 13, what is -34 + 34b54?
34b20
In base 2, what is 10011110001010001100100100 - -100?
10011110001010001100101000
In base 10, what is -122 - -339326?
339204
In base 3, what is 112220212122 + -212000?
112220000122
In base 6, what is 1050130 + -13215?
1032511
In base 7, what is 53 - 1300011?
-1266625
In base 14, what is -dcb0 + 40?
-dc70
In base 9, what is 5 - -186544027?
186544033
In base 8, what is 26051530 + 3?
26051533
In base 16, what is 1 - 8ab94d8?
-8ab94d7
In base 9, what is 57828 + 1332?
60261
In base 8, what is -350 - -44355?
44005
In base 10, what is -184908 + -48?
-184956
In base 10, what is 5 + 47024054?
47024059
In base 13, what is -9 - 280a779?
-280a785
In base 16, what is 9965 + 3870?
d1d5
In base 12, what is 2b3 - 2133?
-1a40
In base 14, what is 263991 + 1?
263992
In base 9, what is -542 - 71554?
-72206
In base 9, what is 3660 + 103088?
106758
In base 2, what is -1000 - 100101010010011110000000?
-100101010010011110001000
In base 8, what is 15 + -32023701?
-32023664
In base 10, what is -12292 - 1432?
-13724
In base 7, what is -31011633 + -2?
-31011635
In base 6, what is 120302204314 + -4?
120302204310
In base 15, what is 17d57a + -e3?
17d487
In base 15, what is 5749c73 + -4?
5749c6e
In base 13, what is 15161b9 + 5?
15161c1
In base 3, what is -2100 - -1020220020122?
1020220011022
In base 6, what is 10014224324 - -1?
10014224325
In base 15, what is -911 + 24c98?
24387
In base 15, what is -23 + 5c46?
5c23
In base 12, what is -22245 + 14a?
-220b7
In base 6, what is -3 - 435011423?
-435011430
In base 14, what is -5 - -147b37?
147b32
In base 5, what is -102021120 - 34?
-102021204
In base 4, what is 201131020 - -1110320?
202302000
In base 12, what is 9231 - -7225?
14456
In base 11, what is -202 - -17947a?
179278
In base 3, what is 1110200000 - -10220?
1110210220
In base 16, what is -49 - -57523?
574da
In base 16, what is a523 + 13d4?
b8f7
In base 2, what is -11011010010110100 + 1010110?
-11011010001011110
In base 11, what is a9552 + 594?
aa036
In base 4, what is -20100200 + -311200?
-21012000
In base 8, what is 3 + 740200?
740203
In base 6, what is 14100332010 + 1?
14100332011
In base 7, what is -12 + 5115136?
5115124
In base 10, what is 614033 - 356?
613677
In base 13, what is 46 - 2092297?
-2092251
In base 6, what is -3500 + 104400?
100500
In base 16, what is -4 + -32d7269?
-32d726d
In base 9, what is -514347 + 752?
-513485
In base 10, what is -6402625 - -13?
-6402612
In base 8, what is 7 - -12115353?
12115362
In base 3, what is 11 + 2110220110211121?
2110220110211202
In base 4, what is 10 - -3030333333022?
3030333333032
In base 5, what is 4 - 1222233240?
-1222233231
In base 2, what is 100001 + 1010001000011011011101?
1010001000011011111110
In base 14, what is 308 + 4da3?
52ab
In base 2, what is 101101110 - -1011100110?
10001010100
In base 11, what is 1256833a + 1?
12568340
In base 7, what is 64263666 - 15?
64263651
In base 9, what is -411 - 1208012?
-1208423
In base 2, what is 111110 + -111010110011010011100?
-111010110011001011110
In base 16, what is -fae - -bef?
-3bf
In base 2, what is -10100001110100000 - 10010011011?
-10100100000111011
In base 3, what is -2211001210201 + 20?
-2211001210111
In base 4, what is 1103011 + 222300?
1331311
In base 10, what is 75177747 + 0?
75177747
In base 2, what is -1011111000111110011000110 - 0?
-1011111000111110011000110
In base 6, what is -10252 - 11313251?
-11323543
In base 6, what is 255444305 - 253?
255444012
In base 9, what is -14661364 - 15?
-14661380
In base 9, what is 653142 - 32?
653110
In base 14, what is -2c5082 - -151?
-2c4d31
In base 9, what is -481330376 - 1?
-481330377
In base 9, what is 4776 - -1